igit of (-2 - -1) + g + 6?
1
Let b = 48 + 34. What is the tens digit of b?
8
Suppose 3*p = 3*b + 189, b = 4*p + 4*b - 280. What is the units digit of p?
7
Let m be -1*2 - (3 + -7). Suppose -m*s = 21 - 61. Suppose -3*q = -4 - s. What is the units digit of q?
8
Let r = -1 + 6. Suppose -2 = k - r. What is the units digit of k?
3
Let n(m) = 6*m**2 + 8*m - 9. What is the hundreds digit of n(-6)?
1
Let b(m) = m**3 - 3*m**2 + m + 2. Let k be b(2). Let y(f) = f + 7. What is the units digit of y(k)?
7
Suppose -5*h + 4*h + 60 = 0. What is the units digit of h?
0
What is the tens digit of (0/2 - -3) + 7?
1
Let l(c) = 10*c + 1. Let n(p) = p. Let a(o) = -l(o) + 6*n(o). What is the units digit of a(-1)?
3
Suppose -8*h + 3*h + 115 = 0. Suppose -4*n = -41 - h. What is the units digit of n?
6
Let x(l) be the second derivative of -l**5/20 - 2*l**4/3 - 7*l**3/6 + l**2/2 + 2*l. What is the units digit of x(-7)?
1
Suppose -2*l = -5*o - 64, 4 = l - o - 28. Suppose x + 4 = l. What is the units digit of x?
8
Let v = 6 - 1. Suppose -2*j = v*g + 15 - 69, j + 3 = 5*g. What is the tens digit of j?
1
Let g(k) be the second derivative of 2*k + 1/2*k**2 - 7/6*k**3 + 0. What is the units digit of g(-1)?
8
Let y be 0/(-2) - (3 + -36). Suppose 3*p = -v + 31, -4*v + y = 3*p - v. What is the units digit of 6/p - 84/(-10)?
9
Let f = -251 - -442. What is the hundreds digit of f?
1
What is the units digit of ((-66)/9)/(-1 + (-39)/(-45))?
5
Let s be (1/2)/((-2)/4). Let z be -1 + 2 + (-2 - 1). What is the units digit of 0 + 8 + (z - s)?
7
What is the units digit of 7542/135 + 2/15?
6
What is the tens digit of (-70)/((-4)/2) - (0 + 1)?
3
Let a be ((-16)/10)/((-3)/90). Suppose -a - 102 = -5*s. What is the tens digit of s?
3
Let t(n) = 3*n + 1. Suppose -w = 2*q, 5*q + 4*w = -2 - 1. Let d be t(q). Let j = d + -1. What is the units digit of j?
3
Let v(o) = -o**3 - 8*o**2 + o + 11. Let z be v(-8). Suppose -5*j + 11 = m - 2*m, 0 = z*j + 4*m - 2. What is the tens digit of (j/(-4))/((-2)/52)?
1
Suppose k + 5*b = 36, -3*b = 4*k - 41 - 86. What is the tens digit of k?
3
Suppose 16*m - 17*m = -359. What is the units digit of m?
9
Let a = 174 - 86. What is the units digit of a?
8
Let x(s) = 3*s**2 - 2*s - 1. Let w be x(-1). Suppose 0 = w*k - 48 - 8. Suppose -2*r - 2 = 0, 5*h - 58 = -r - k. What is the units digit of h?
9
Let j be (1/(-2))/((-1)/(-38)). What is the units digit of 1 - 3 - -1 - j?
8
Let i(u) = u**2 + 5*u - 8. Let j be i(-8). Suppose -o + 4*o + 5*z = -j, o = -4*z - 17. Suppose -7*q + 16 = -o*q. What is the units digit of q?
4
Let g(t) = 3*t - 2 + 2. Suppose -2*m = 40 - 48. What is the tens digit of g(m)?
1
Suppose 0 = 9*n - 8*n - 30. Suppose 0*x = 3*x - n. What is the tens digit of x?
1
Let k = -3 + 5. Suppose 0*i - 17 = -l - 3*i, l = -k*i + 15. What is the units digit of l?
1
Suppose -5*g + 61 = h, -2*g + h = -0*h - 23. What is the units digit of g?
2
Let r = 9 - 7. Let v = r + 11. Suppose v = -0*h + h. What is the tens digit of h?
1
Suppose -5*w = 4*d - 280, 3*d - 5*w = d + 170. What is the units digit of d?
5
Let l = -66 - -185. What is the tens digit of l?
1
Suppose 4*h = -5*u + 28, 33 = 5*h + 5*u + 3. Suppose -h*m + 5 = -m. Suppose -m*k = -0*k - 25. What is the units digit of k?
5
Let d(x) = -2*x - 1. Let o = 11 + -7. Suppose -g = g + o. What is the units digit of d(g)?
3
Suppose 4*w = -3*d - 219, 2*d - 87 = 2*w - d. Let v = -16 - w. Suppose -2*q = 3*q - v. What is the units digit of q?
7
Suppose -j = 4*a - 57, -a = a + 5*j - 15. Suppose 0 = -q - 6 + 10. Let h = a - q. What is the tens digit of h?
1
Let s be (-1001)/(-44) - 2/(-8). Suppose -2*n - s = -3*n. What is the units digit of n?
3
Let a(g) = -2*g + 3*g - 2*g + 6*g**2 + 9*g**2. What is the tens digit of a(-1)?
1
Let z(k) = 3*k**2 + 13*k - 7. What is the units digit of z(-6)?
3
Let y(d) = -5*d - 6. Let c(g) = g + 1. Let a(f) = 4*c(f) + y(f). Let b be (-3 + 1)/(2/3). What is the units digit of a(b)?
1
Let c(x) = x**3 - 7*x**2 + 10. Let v be c(7). Let m be (v*3)/((-4)/(-6)). What is the tens digit of (-21)/((m/6)/(-5))?
1
Suppose 52 = -8*r + 10*r. What is the units digit of r?
6
Let b(y) = -y - 24. Let t be b(0). Let q = 82 + -41. Let d = t + q. What is the units digit of d?
7
Let g(s) = -2*s + 2. Let k be g(-7). Let w be (-6)/(3/(-1)) + k. What is the units digit of 30/w - 2/(-6)?
2
Suppose -5*t + 10 = -y, -2*y + 12 = 3*t - 7. Suppose -3*u + 5*u + 30 = y*a, u = 0. What is the units digit of a?
6
Suppose 44 = 4*x - 5*x. What is the units digit of (-9)/(-15) + x/(-10)?
5
Let n = -18 - -11. Let k(l) = -l**2 - 8*l - 6. What is the units digit of k(n)?
1
Suppose 28 = -3*j + 7*j - 2*n, -5*j + 29 = -n. Suppose 4*u + 3*l = 69, j*l - 25 - 5 = -u. What is the tens digit of u?
1
Let n be 3*((-3)/(-3) + 0). Suppose m + 41 = 4*f + f, -n*m = -4*f + 35. What is the units digit of f?
8
Suppose q = -n + 3, -3 = 5*n - 3*q - q. What is the units digit of n?
1
Suppose -4*k = -0*k - 88. Suppose 6*s + 5*h = 3*s + 46, s + 3*h - k = 0. Let y(p) = -p**3 + 6*p**2 + 9*p - 1. What is the tens digit of y(s)?
1
Suppose -2*r + 11 = 5*j, -6 - 10 = -2*j + 5*r. Suppose 4*v = -4*p + 2*p + 42, -j*v + 35 = 5*p. What is the tens digit of v?
1
Let k = 28 - -327. What is the units digit of k?
5
Let g = 34 - 14. Let x = g + -15. What is the units digit of x?
5
Let i = 5 - 5. Suppose 0 = -2*s + q + 23, -3*s + i*q = -q - 34. What is the tens digit of s?
1
Suppose 3*g = -6, 4*i + 3*g - 32 = g. What is the units digit of i?
9
Let i = -36 - -69. What is the units digit of i?
3
Suppose -2*v - 3*z - 3 = -4, 5*v - 5*z = 15. Suppose -p + v*o = 4*o - 2, 0 = 3*p - o - 13. What is the units digit of p?
4
What is the units digit of ((-183)/(-6))/(-1 + 6/4)?
1
Suppose x - 6 + 1 = 0. Suppose x*h - 5 = -0. What is the units digit of h?
1
Let o = 150 + -98. Suppose -2*c + 13 = -y - 5, -5*c + o = y. What is the tens digit of c?
1
Let j(m) = m - 6. Let g be j(6). Suppose g*c - 3*c - 25 = -4*f, 0 = f + c - 1. What is the units digit of f?
4
Let b(y) = 5*y**3 - 11*y**2 - 5*y - 11. Let c(d) = 9*d**3 - 21*d**2 - 11*d - 21. Let w(h) = 7*b(h) - 4*c(h). What is the tens digit of w(8)?
1
Suppose -m + 2 + 0 = 0. Let x be (m - (0 + 0))/(-2). What is the units digit of 3/(1 - -2) - x?
2
Let r(n) = -4*n. Let g be r(-6). What is the units digit of (-1)/1 - g/(-4)?
5
Suppose -3*q + 4*b = -24, 0 = -4*b - b - 15. Suppose -q - 26 = -3*w. What is the units digit of w?
0
Suppose 5*a - 3 = c + 8, -31 = -4*c - 5*a. Suppose -c*l + 1 = -3*l. What is the units digit of l?
1
Let y = -21 - -53. What is the units digit of (-4)/(y/(-18))*4?
9
Let y(c) be the third derivative of -c**4/8 - c**3 + 2*c**2. Let p be y(-4). What is the units digit of 8/p - 2/(-3)?
2
Suppose c = 2*q + 79, 0 = -9*c + 4*c + 5*q + 370. Suppose -g - 2*g = -c. What is the units digit of g?
3
What is the hundreds digit of (-700)/30*(24/(-5))/1?
1
Let q = 35 + -4. What is the units digit of q?
1
Let j(x) = 3*x - 6. Let y be j(5). Let t = -16 + y. Let v(o) = -o - 2. What is the units digit of v(t)?
5
Let g be (4/6)/((-6)/(-27)). Suppose g = -5*z + 8. What is the units digit of 0 - z - -1 - -11?
1
Let u be (-17)/(-3) + 4/(-6). Let k(w) = 13*w - 1. Let p be k(1). Suppose 0 = -u*a + 13 + p. What is the units digit of a?
5
Suppose 4*n - 289 = c, -c = -5*n - 0*c + 360. What is the units digit of n?
1
Let x = -24 + 42. Let k be 0/((x/3)/3). Suppose -2*t - 6 + 14 = k. What is the units digit of t?
4
Let v = 19 + 5. Suppose 4*i - 3*q - v = 2*q, -3*q = -12. What is the units digit of i?
1
Let n = 12 + 3. Suppose n = h + 4*h. What is the units digit of h?
3
Let i(h) = 2*h**2 - 3*h - 4*h**2 - 7 + 3*h**2 + 3. Let d be i(3). What is the units digit of d/18 - (-1557)/81?
9
Let k = 3 - 1. Let w = 4 - k. Suppose w*l = -5 - 5, -4*o = l - 31. What is the units digit of o?
9
What is the units digit of 13/(-39) - (-32)/6?
5
Let i(d) = 214*d**3 + 6*d**2 - 6*d. What is the units digit of i(1)?
4
Let i = 624 + -441. What is the hundreds digit of i?
1
Suppose 2*h = -2*h + 96. Suppose 2*t = -t + h. What is the units digit of t?
8
Let h(r) = r**3 - 5*r**2 + 5*r - 5. Let v be h(4). What is the units digit of (v + -17)*13/(-13)?
8
Suppose -l - 1 = n, -2*n = -4*l + 10 - 2. Let v(m) = -2*m**3 + 2*m**2 - m - 1. What is the tens digit of v(n)?
2
Suppose 0*z + 25 = 5*z 